is the remainder when 764 is divided by 51?
50
What is the remainder when 553 is divided by 193?
167
Calculate the remainder when 1981 is divided by 182.
161
What is the remainder when 2477 is divided by 276?
269
Calculate the remainder when 437 is divided by 107.
9
What is the remainder when 670 is divided by 75?
70
What is the remainder when 2056 is divided by 20?
16
Calculate the remainder when 884 is divided by 111.
107
What is the remainder when 144 is divided by 114?
30
Calculate the remainder when 329 is divided by 22.
21
Calculate the remainder when 72 is divided by 20.
12
What is the remainder when 473 is divided by 14?
11
Calculate the remainder when 753 is divided by 28.
25
What is the remainder when 907 is divided by 158?
117
What is the remainder when 114 is divided by 46?
22
What is the remainder when 40 is divided by 14?
12
What is the remainder when 7546 is divided by 3?
1
Calculate the remainder when 239 is divided by 4.
3
What is the remainder when 154 is divided by 39?
37
What is the remainder when 334 is divided by 60?
34
What is the remainder when 154 is divided by 96?
58
Calculate the remainder when 132 is divided by 71.
61
Calculate the remainder when 2765 is divided by 231.
224
Calculate the remainder when 741 is divided by 152.
133
Calculate the remainder when 81 is divided by 14.
11
What is the remainder when 14 is divided by 5?
4
What is the remainder when 6937 is divided by 165?
7
Calculate the remainder when 638 is divided by 174.
116
Calculate the remainder when 48 is divided by 15.
3
What is the remainder when 1624 is divided by 396?
40
What is the remainder when 1375 is divided by 81?
79
What is the remainder when 3848 is divided by 28?
12
What is the remainder when 337 is divided by 20?
17
What is the remainder when 36 is divided by 25?
11
What is the remainder when 1607 is divided by 8?
7
Calculate the remainder when 321 is divided by 5.
1
Calculate the remainder when 5641 is divided by 27.
25
What is the remainder when 138 is divided by 38?
24
Calculate the remainder when 2098 is divided by 55.
8
Calculate the remainder when 436 is divided by 8.
4
Calculate the remainder when 205 is divided by 26.
23
What is the remainder when 160 is divided by 21?
13
Calculate the remainder when 177 is divided by 23.
16
Calculate the remainder when 124 is divided by 16.
12
Calculate the remainder when 1901 is divided by 127.
123
What is the remainder when 274 is divided by 25?
24
Calculate the remainder when 993 is divided by 112.
97
Calculate the remainder when 480 is divided by 49.
39
Calculate the remainder when 89 is divided by 13.
11
Calculate the remainder when 138 is divided by 8.
2
Calculate the remainder when 185 is divided by 49.
38
Calculate the remainder when 194 is divided by 162.
32
What is the remainder when 156 is divided by 26?
0
Calculate the remainder when 2456 is divided by 224.
216
What is the remainder when 114 is divided by 12?
6
What is the remainder when 1519 is divided by 190?
189
Calculate the remainder when 422 is divided by 92.
54
Calculate the remainder when 792 is divided by 164.
136
Calculate the remainder when 189 is divided by 80.
29
What is the remainder when 718 is divided by 80?
78
Calculate the remainder when 3692 is divided by 103.
87
Calculate the remainder when 1757 is divided by 41.
35
Calculate the remainder when 112 is divided by 23.
20
Calculate the remainder when 77 is divided by 5.
2
Calculate the remainder when 511 is divided by 171.
169
Calculate the remainder when 279 is divided by 15.
9
Calculate the remainder when 1154 is divided by 33.
32
What is the remainder when 2056 is divided by 679?
19
What is the remainder when 78 is divided by 47?
31
What is the remainder when 743 is divided by 82?
5
Calculate the remainder when 349 is divided by 91.
76
What is the remainder when 6 is divided by 2?
0
Calculate the remainder when 1795 is divided by 41.
32
What is the remainder when 638 is divided by 94?
74
What is the remainder when 447 is divided by 65?
57
What is the remainder when 50 is divided by 15?
5
Calculate the remainder when 277 is divided by 47.
42
What is the remainder when 12095 is divided by 27?
26
What is the remainder when 3948 is divided by 37?
26
Calculate the remainder when 67 is divided by 35.
32
What is the remainder when 27 is divided by 10?
7
Calculate the remainder when 92 is divided by 28.
8
What is the remainder when 2477 is divided by 1234?
9
What is the remainder when 242 is divided by 38?
14
What is the remainder when 502 is divided by 42?
40
What is the remainder when 237 is divided by 80?
77
Calculate the remainder when 538 is divided by 45.
43
Calculate the remainder when 413 is divided by 95.
33
What is the remainder when 2644 is divided by 52?
44
Calculate the remainder when 45 is divided by 24.
21
Calculate the remainder when 305 is divided by 42.
11
Calculate the remainder when 2030 is divided by 655.
65
Calculate the remainder when 274 is divided by 10.
4
What is the remainder when 41 is divided by 24?
17
Calculate the remainder when 285 is divided by 41.
39
Calculate the remainder when 413 is divided by 141.
131
What is the remainder when 344 is divided by 59?
49
What is the remainder when 2108 is divided by 66?
62
Calculate the remainder when 638 is divided by 309.
20
What is the remainder when 213 is divided by 55?
48
What is the remainder when 303 is divided by 17?
14
What is the remainder when 107 is divided by 39?
29
What is the remainder when 76 is divided by 26?
24
What is the remainder when 268 is divided by 54?
52
What is the remainder when 843 is divided by 119?
10
What is the remainder when 137 is divided by 32?
9
What is the remainder when 261 is divided by 98?
65
What is the remainder when 119 is divided by 11?
9
Calculate the remainder when 13708 is divided by 15.
13
What is the remainder when 1494 is divided by 165?
9
Calculate the remainder when 3579 is divided by 5.
4
Calculate the remainder when 8025 is divided by 18.
15
What is the remainder when 171 is divided by 51?
18
Calculate the remainder when 52 is divided by 18.
16
Calculate the remainder when 22786 is divided by 53.
49
Calculate the remainder when 1041 is divided by 135.
96
What is the remainder when 27248 is divided by 50?
48
Calculate the remainder when 54 is divided by 20.
14
Calculate the remainder when 141 is divided by 29.
25
What is the remainder when 223 is divided by 77?
69
Calculate the remainder when 1393 is divided by 34.
33
Calculate the remainder when 433 is divided by 94.
57
What is the remainder when 1272 is divided by 16?
8
Calculate the remainder when 242 is divided by 66.
44
Calculate the remainder when 7297 is divided by 271.
251
Calculate the remainder when 324 is divided by 51.
18
What is the remainder when 892 is divided by 42?
10
What is the remainder when 281 is divided by 18?
11
What is the remainder when 132 is divided by 104?
28
What is the remainder when 339 is divided by 49?
45
Calculate the remainder when 312 is divided by 137.
38
Calculate the remainder when 8 is divided by 3.
2
What is the remainder when 788 is divided by 262?
2
Calculate the remainder when 166 is divided by 77.
12
What is the remainder when 264 is divided by 66?
0
Calculate the remainder when 319 is divided by 12.
7
What is the remainder when 2091 is divided by 7?
5
Calculate the remainder when 1783 is divided by 15.
13
What is the remainder when 4795 is divided by 22?
21
What is the remainder when 137 is divided by 36?
29
What is the remainder when 584 is divided by 575?
9
Calculate the remainder when 3075 is divided by 42.
9
What is the remainder when 613 is divided by 103?
98
Calculate the remainder when 1442 is divided by 37.
36
Calculate the remainder when 228 is divided by 33.
30
What is the remainder when 142 is divided by 67?
8
Calculate the remainder when 358 is divided by 122.
114
What is the remainder when 111 is divided by 33?
12
Calculate the remainder when 139 is divided by 37.
28
Calculate the remainder when 554 is divided by 42.
8
What is the remainder when 59 is divided by 43?
16
What is the remainder when 60 is divided by 20?
0
Calculate the remainder when 613 is divided by 88.
85
Calculate the remainder when 56 is divided by 34.
22
Calculate th